6. What is y(53)?
-4
Let n(v) = -2685*v - 2615. What is n(-1)?
70
Let b(l) = -43*l**3 + 3*l**2 - 2*l - 3. What is b(-1)?
45
Let p(h) = 8*h**2 - 4*h - 17. What is p(5)?
163
Let r(t) = t**3 + 28*t**2 + 166*t + 100. Give r(-20).
-20
Let c(s) = 191*s + 899. Calculate c(-5).
-56
Let o(g) = -g**3 - 102*g**2 + 532*g - 444. What is o(-107)?
-123
Let b(t) = 4*t**2 - 51*t + 32. Determine b(14).
102
Let k(b) = -b**2 + 32*b - 49. Give k(31).
-18
Let x(o) = -2*o**3 + 179*o**2 - 263*o + 121. Calculate x(88).
209
Let h(j) = j**2 + 117*j + 1029. Calculate h(-107).
-41
Let t(k) = 12*k**2 + 235*k + 18. Give t(-19).
-115
Let y(i) = -15*i - 18. Determine y(-3).
27
Let v(x) = x + 43. Determine v(-35).
8
Let k(t) = t**3 - 135*t**2 + 896*t + 12. Calculate k(7).
12
Let k(u) = 235*u + 1639. Give k(-7).
-6
Let o(p) = p**2 + 15*p - 30. Give o(-9).
-84
Let w(u) = -u**2 + 20*u - 405. Determine w(0).
-405
Let m(d) = 30*d + 933. Give m(-54).
-687
Let l(y) = -54*y**2 + 1512*y + 1. What is l(28)?
1
Let a(g) = 9*g**2 - 122*g - 28. Give a(15).
167
Let f(l) = l**3 + 17*l**2 - 24*l - 27. Calculate f(-18).
81
Let k(u) = 5*u**2 - 409*u + 4128. Give k(70).
-2
Let z(m) = 2*m**3 + 52*m**2 - 111*m - 15. What is z(-28)?
-43
Let s(b) = 5*b**2 - 39*b + 6. Determine s(9).
60
Let o(k) = -8*k**2 + 2211*k - 2210. Calculate o(1).
-7
Let y(w) = -3*w**2 + 161*w - 281. Calculate y(52).
-21
Let r(v) = -v**2 - 16*v - 63. What is r(-18)?
-99
Let i(j) = -2*j**2 - 148*j - 713. Calculate i(-5).
-23
Let f(w) = 300*w - 2995. Calculate f(10).
5
Let m(o) = o**3 + 138*o**2 - 1009*o - 42. Give m(7).
0
Let j(l) = -l**3 - 12*l**2 + 38*l - 92. Give j(-13).
-417
Let l(d) = 3854*d - 23125. What is l(6)?
-1
Let g(n) = -5*n**2 - 72*n - 190. What is g(-3)?
-19
Let w(g) = 356*g - 15299. Determine w(43).
9
Let q(w) = 216*w - 594. Calculate q(3).
54
Let l(g) = g**3 - 17*g**2 - 82*g + 422. Give l(20).
-18
Let f(u) = -u**3 - 17*u**2 + 7*u - 209. Determine f(-18).
-11
Let t(g) = -10*g**2 - 22*g + 134. Determine t(-5).
-6
Let j(n) = -n**3 + 2*n**2 + 48*n + 134. What is j(-3)?
35
Let z(f) = -3*f**2 - 39*f + 56. Calculate z(-19).
-286
Let a(v) = 37*v**2 - 313*v + 90. Give a(8).
-46
Let a(g) = 38*g + 328. What is a(-5)?
138
Let m(a) = 2*a**2 - 8*a - 283. What is m(14)?
-3
Let c(b) = -3*b**2 + 216*b - 509. Calculate c(70).
-89
Let u(x) = -294*x**2. Determine u(1).
-294
Let m(b) = -2*b**2 + 39*b + 639. What is m(39)?
-882
Let x(i) = 31*i**2 - 21*i + 20. What is x(1)?
30
Let a(o) = 44*o - 3216. What is a(73)?
-4
Let p(g) = -216*g - 26. What is p(1)?
-242
Let m(r) = 288*r - 3153. What is m(11)?
15
Let p(b) = b**3 + 132*b**2 - 124*b + 1091. What is p(-133)?
-106
Let l(a) = -a**3 + 27*a**2 + 8*a - 173. What is l(27)?
43
Let p(v) = -3*v**2 + 185*v + 558. What is p(-3)?
-24
Let a(w) = -2*w**2 + 25*w + 120. What is a(16)?
8
Let a(l) = -l**3 - 33*l**2 - 6*l + 32. Calculate a(-33).
230
Let h(q) = 6*q**2 - 380*q + 129. Give h(63).
3
Let o(i) = -5*i**3 - 126*i - 125. Calculate o(-1).
6
Let z(i) = -113*i**2 - 1339*i + 10. What is z(-12)?
-194
Let g(a) = -a**2 + 17*a + 326. What is g(-9)?
92
Let s(a) = -420*a - 5821. Calculate s(-14).
59
Let p(u) = -u**3 + 32*u**2 - 43*u + 20. Determine p(31).
-352
Let h(f) = 6*f**2 - 185*f + 77. What is h(31)?
108
Let u(f) = f**2 + 113*f + 3005. What is u(-52)?
-167
Let a(b) = b**2 - 1965*b - 3928. Give a(-2).
6
Let b(w) = w**3 + 35*w**2 + 69*w + 120. What is b(-33)?
21
Let i(s) = 52*s - 831. Calculate i(19).
157
Let y(t) = t**2 - 10*t - 113. Determine y(-7).
6
Let z(k) = k**3 + 44*k - 7. Determine z(0).
-7
Let d(n) = -6487*n + 58378. Calculate d(9).
-5
Let p(j) = 29242*j - 58481. What is p(2)?
3
Let y(f) = 61*f - 4321. Determine y(71).
10
Let s(k) = -6*k**3 - 49*k**2 - 74*k. Determine s(-7).
175
Let c(f) = -68*f + 49. Give c(2).
-87
Let b(q) = 27*q + 28. Calculate b(5).
163
Let b(s) = -4*s - 3. What is b(-1)?
1
Let m(s) = 3*s**2 + 193*s + 73. Give m(-64).
9
Let c(b) = b**3 + 2*b**2 - 24*b - 4. Give c(-6).
-4
Let a(l) = -10*l + 676. Determine a(56).
116
Let f(k) = -220*k - 25943. Give f(-118).
17
Let b(n) = 9*n**2 - 17*n + 45. Determine b(3).
75
Let p(r) = r**3 + 28*r**2 + 22*r - 144. Calculate p(-27).
-9
Let t(a) = 2*a**3 - 58*a**2 + 53*a + 87. Calculate t(28).
3
Let l(m) = 49*m**2 + 142*m - 143. Give l(1).
48
Let j(n) = 32*n + 37. What is j(-3)?
-59
Let t(z) = -z**2 - 10*z + 71. Calculate t(-12).
47
Let d(f) = 753*f + 4525. Give d(-6).
7
Let o(p) = -2*p**2 - 9*p + 378. Calculate o(-16).
10
Let y(i) = i**3 - 17*i**2 + 27*i - 85. What is y(17)?
374
Let b(q) = 3*q**2 - 36*q - 75. Determine b(14).
9
Let b(p) = 4*p**2 + 36*p - 78. What is b(-13)?
130
Let t(k) = k**2 + 66*k + 300. Calculate t(-5).
-5
Let x(p) = -p**2 + 38*p + 439. Calculate x(-8).
71
Let r(x) = 11*x - 82. Determine r(20).
138
Let v(w) = -w**3 - 14*w**2 - 3*w + 24. Calculate v(-4).
-124
Let n(q) = -2*q**2 + 28*q - 73. Calculate n(8).
23
Let w(y) = y**2 - 440*y - 4039. Determine w(-9).
2
Let i(d) = 1764*d - 15884. What is i(9)?
-8
Let k(q) = -13*q + 676. Give k(52).
0
Let i(f) = -f**3 + 141*f**2 + 429*f + 431. Determine i(144).
-1
Let s(j) = -7*j**3 + 1467*j**2 - 842*j + 1245. Determine s(209).
-9
Let q(p) = 5*p**2 - 63*p + 155. Give q(10).
25
Let x(l) = -4*l**2 + 434*l - 2292. Determine x(103).
-26
Let w(b) = -15842*b + 174256. Give w(11).
-6
Let m(z) = 3*z**3 - 22*z**2 + 15*z - 21. Determine m(7).
35
Let z(p) = 2*p**3 + 14*p**2 - 25*p - 83. Calculate z(-8).
-11
Let d(f) = -3119*f + 15546. Give d(5).
-49
Let x(w) = -2*w**2 - 85*w + 582. Calculate x(6).
0
Let i(w) = -w**2 - 50*w + 286. What is i(-48)?
382
Let m(u) = u**2 + 32*u + 179. Give m(-15).
-76
Let s(i) = 38*i - 355. Give s(9).
-13
Let p(c) = -c**3 + 37*c**2 - 70*c - 84. Determine p(35).
-84
Let m(g) = 2*g**2 + 2*g - 63. Give m(5).
-3
Let d(y) = -8*y - 425. Calculate d(-57).
31
Let m(p) = p**3 - 6*p**2 - 24*p - 16. What is m(9)?
11
Let u(s) = -s**3 - 26*s**2 - 152*s + 23. Calculate u(-17).
6
Let z(a) = 5*a**2 + 80*a + 143. Determine z(-14).
3
Let j(z) = -87*z + 431. What is j(5)?
-4
Let r(p) = -7*p**2 + 48*p + 79. Determine r(-2).
-45
Let j(b) = 4*b**3 - 251*b**2 - 68*b + 325. What is j(63)?
10
Let d(v) = v**2 + 33*v - 2929. Determine d(-73).
-9
Let v(i) = -3*i**2 + 97*i + 89. Give v(33).
23
Let u(k) = k**3 + 5*k**2 + 11*k - 2. Give u(-4).
-30
Let w(m) = 133*m + 27925. What is w(-210)?
-5
Let m(g) = 850*g - 25474. Calculate m(30).
26
Let j(u) = u**2 + 39*u - 200. What is j(-47)?
176
Let o(a) = 42*a - 521. Determine o(18).
235
Let f(g) = g**3 + 14*g**2 - 42*g - 5. Give f(3).
22
Let g(h) = 72*h - 43. Determine g(2).
101
Let l(v) = v**3 - 55*v**2 + 4*v - 218. Give l(55).
2
Let d(s) = 184*s + 1403. Calculate d(-14).
-1173
Let d(q) = -3*q**2 + 40*q - 189. Determine d(6).
-57
Let w(r) = -110*r - 1431. Determine w(-13).
-1
Let h(x) = -x**2 - 367*x + 1864. Determine h(5).
4
Let z(c) = c**3 + c**2 - 22*c - 6. Calculate z(-4).
34
Let z(g) = g**3 + 100*g**2 - 96*g + 473. Give z(-101).
-32
Let f(l) = -l**2 + 11*l - 111. What is f(9)?
-93
Let d(c) = c**2 + 117*c - 742. Give d(-124).
126
Let v(d) = d**3 - 16*d**2 - 101*d + 12. Determine v(-5).
-8
Let r(a) = -65*a - 1045. Determine r(-16).
-5
Let l(x) = -4*x - 26. Determine l(4).
-42
Let y(l) = 32*l - 93. Give y(5).
67
Let x(q) = 133*q**2 - 949*q + 112. Calculate x(7).
-14
Let g(x) = -x**3 - 26*x**2 - 132*x - 9. Calculate g(-19).
-28
Let d(r) = 437*r - 10056. Give d(23).
-5
Let u(m) = -2148*m + 13. Determine u(0).
13
Let w(l) = -l**2 + 111*l - 2999. Calculate w(53).
75
Let f(r) = 11*r**2 - 42*r + 27. Determine f(4).
35
Let g(s) = 13*s**2 - 120*s + 21. Determine g(9).
-6
Let s(t) = 10*t**2 + 173*t - 128. Determine s(-18).
-2
Let a(z) = -20*z - 81. What is a(-5)?
19
Let x(m) = -17*m - 2022. What is x(-98)?
-356
Let g(k) = 44*k**3 - 129*k**2 + 80*k + 4. Calculate g(2).
0
Let t(k) = 4*k**2 + 12*k - 201. Give t(-12).
231
Let b(l) = 867*l + 3510. Give b(-4).
42
Let s(b) = 2*b**3 + 59*b**2 + 36*b + 1. Calculate s(-29).
-202
Let f(p) = -p**3 - 7*p**2 - 3*p - 39. Determine f(-7).
-18
Let n(c) = 84*c - 3606. Calculate n(43).
6
Let g(n) = 7*n**2 + 151*n + 294. Give g(-2).
20
Let l(r) = 2*r**3 + 19*r**2 + 157*r + 2093. What is l(-11)?
3
Let w(m) = -287*m + 871. Give w(3).
10
Let f(c) = -30738*c + 122958. What is f(4)?
6
Let c(d) = d**2 - 29*d + 63. Give c(12).